e
Let t = -40 - -30. Let b(g) = -11*g - 21. Is b(t) composite?
False
Let h be 24/7 + (-64)/(-112). Suppose 2185 = -h*l + 9*l. Is l composite?
True
Let a = -1577 - -2301. Let d = 1023 - a. Is d prime?
False
Suppose 5*a - 37 = -7. Suppose 0 = a*p - 665 - 2581. Is p a prime number?
True
Let h = -14 - -14. Suppose -5*x + 9*x + 760 = h. Let v = x + 317. Is v composite?
False
Suppose -15*i + 47 = -73. Suppose -i*o + 18824 = 5440. Is o a composite number?
True
Let z be (65 - (0 - 2)) + 4. Let w be 40/3*(-1 + 13). Let m = w - z. Is m a prime number?
True
Suppose 0 = -5*n + 5*o + 8180, -4*n - 4*o + 5289 = -1271. Let z = n + -319. Is z composite?
False
Suppose 0 = 5*b - 9*b - 48. Let u be b/18 + 4/6. Suppose 2*j + u*o = -4*o + 98, -2*o = 3*j - 155. Is j composite?
False
Let v(m) = m**3 - 12*m**2 - 12*m. Let s be v(13). Suppose -1 = 4*d - s. Suppose d*l = 88 + 143. Is l prime?
False
Let n = -97632 + 152493. Is n composite?
True
Let l(v) = -691*v + 36. Is l(-5) a prime number?
True
Suppose -7*q + 2228 + 901 = 0. Is q composite?
True
Let y = 11 - 9. Suppose -117 = -k + y*v, 5*k + 2*v - 491 = 46. Is k a composite number?
False
Let g(y) be the third derivative of 2*y**5/15 + y**4/8 - 13*y**3/6 + 11*y**2. Is g(-10) a composite number?
False
Let u = -1015 - -1493. Is u composite?
True
Is ((-17)/68)/((-3)/64164) a composite number?
False
Let g(m) = -6*m**2 - 3 - 8*m + 10*m**3 + 5*m**2 - 2 - 11*m**3. Let y = 4 - 10. Is g(y) prime?
True
Let d(n) = n**3 + 18*n**2 + 16*n - 17. Let s be d(-17). Suppose s = -7*h - 0*h + 2891. Is h composite?
True
Let p(h) = 101*h + 76. Let b(o) = 34*o + 25. Let v(u) = -11*b(u) + 4*p(u). Is v(13) a prime number?
True
Is (-6 - 0) + 5 - 752/(-1) prime?
True
Let s be (-3)/(2 - (-14)/(-4)). Let g be s/(-4)*(8 - -2). Let v(b) = -136*b - 7. Is v(g) composite?
False
Suppose -3*y = 2*j - 7873, y + 3*j = -4*y + 13120. Suppose 5*f - 2*f = 5*x + 1972, 4*f - y = 5*x. Is f composite?
True
Let d be 182/49 + 6/21. Suppose -3 - 7 = -5*o, 4*x - 4164 = -d*o. Is x a prime number?
True
Suppose 0 = 11*s - 105625 + 19946. Is s a composite number?
False
Let z(x) = -1782*x + 3. Let y be z(-1). Let j = -382 + y. Is j a composite number?
True
Suppose 19820 = 4*y - 2*m, 32*y = 31*y - 5*m + 4944. Is y a composite number?
True
Let n(u) be the second derivative of 16*u**3/3 - 9*u**2/2 + 5*u. Is n(13) prime?
False
Let t(f) be the second derivative of f**4/12 + f**3 - 7*f**2/2 + 4*f. Is t(-10) composite?
True
Is (88095/10)/7 + 1/2 prime?
True
Let f be 2*(-1 - 0) + 6. Suppose -62 = -2*x + r, f*x = -x + 2*r + 155. Suppose 3*m - x - 2 = 0. Is m composite?
False
Suppose 0*a + a = 4. Suppose -a*w + 1 = -7. Suppose -5*s - w*n = -n - 252, -3*n = 2*s - 93. Is s a prime number?
False
Suppose -19*o + 368021 - 130236 = 0. Is o a composite number?
True
Suppose 5*o = 316 + 189. Suppose -5*y + 5*g + o = -389, -g - 1 = 0. Is y composite?
False
Let k(f) = f**3 + 8*f**2 + 6*f - 8. Let w be k(-7). Let y be (-810 - w)*(-1 + 2). Let o = y - -1530. Is o a composite number?
True
Let c(k) = -k**3 - 7*k**2 + 30*k. Let u be c(-10). Is (-211)/(-3)*(u - -6) composite?
True
Let h(a) = 18*a**2 + 1. Let y be h(1). Let s(o) = o - 14. Let q be s(y). Suppose -2*v - q*i + 1079 = -1105, -2*i + 3287 = 3*v. Is v composite?
False
Is -7 + 0 + (-110910)/(-15) composite?
True
Let x(t) = 2*t + 6*t + 11*t + 16*t. Let n be 2*(-3)/18*-3. Is x(n) a composite number?
True
Let m be -2 + -2 + 7 + -1. Suppose m*s - 445 = -3*s. Is s a prime number?
True
Suppose 3*z + 4*k - 2 = 3*k, -3*z = -2*k + 4. Let x(w) = w - 3. Let t be x(z). Is ((-134)/3)/(2/t) a composite number?
False
Let v = 211 - -678. Is v a composite number?
True
Let i(o) = -o - 8. Let j be i(-10). Suppose 3*c - 7 = j. Suppose h = -c*h + 3628. Is h a prime number?
True
Suppose -2*u + 5*a + 26 = -0*u, -31 = -5*u + 4*a. Suppose 5*z - 2732 + 1092 = d, 0 = -u*d. Suppose 5*y + z = p, y + 3 = -2*y. Is p a prime number?
False
Suppose 0 = 2*b + 4*b - 222. Is 8/20 - b*118/(-10) prime?
False
Let b(v) = 294 - 323 - 9*v - 9*v. Is b(-9) a prime number?
False
Let l be 8/16 + (-6)/4. Is (l - 1) + 5 + 19 composite?
True
Let o = 116 + -117. Is (-444)/(-2) + -4 - o a prime number?
False
Let i be (-13)/(-26) - (-2)/(-4). Suppose 3*l + a + 9 = 0, 5 = -5*l - 5*a - i. Is -118*(18/l + 2) a composite number?
True
Let f(p) = 4*p**3 - 6*p**2 - 3*p - 12. Let s(k) = k + 1. Let z(c) = f(c) - 3*s(c). Is z(9) a composite number?
True
Suppose 98*t = 67*t + 727229. Is t composite?
False
Let l = -112 - -107. Is (1 + l/(-2))*1438 a composite number?
True
Let s(u) = u**2 + 5*u - 19. Let n be s(-9). Suppose 21*g - 1004 = n*g. Is g a composite number?
False
Let n be (3/5)/(((-14)/7)/(-20)). Let m(r) = 4 - 1 + 2 + 41*r. Is m(n) prime?
True
Let m = 32 - -11. Let i = 100 + m. Is i prime?
False
Suppose -49*m = 13*m - 1459666. Is m a composite number?
True
Let h = 4407 + -206. Is h prime?
True
Suppose -28*u + 203292 + 98576 = 0. Is u a composite number?
False
Let a = 6 - 2. Suppose 5*y = 6 + a. Suppose -y*q + q = -31. Is q prime?
True
Let b(s) = -s**3 + 4*s**2 + 3*s - 2. Let m be b(3). Is (4323*1)/(-1)*m/(-48) prime?
False
Let u(g) = -100*g + 77. Is u(-12) a composite number?
False
Let v(d) = 65*d + 12. Let t = 6 + -1. Is v(t) a composite number?
False
Let k(z) = -z**3 - 2*z**2 + 7*z - 1. Let q(t) = -t**3 + t**2 + 6*t - 5. Suppose 4*d - 2*j - 32 = 2*j, d - 4*j - 23 = 0. Let i be q(d). Is k(i) a prime number?
False
Suppose -2*i = 8, -4*p = -3*i + i - 28. Suppose -3*h = -p*h + 958. Is h composite?
False
Let p(w) = 37*w**2 + 9*w - 53. Is p(12) composite?
True
Suppose 23799 = 5*k - 3*y - 7246, 12418 = 2*k - 5*y. Is k a composite number?
True
Suppose -2*b = 3*x - 7268, -21*x = -19*x + b - 4847. Is x a composite number?
True
Suppose -2*k + 21633 = 5*f, -5*f - 4*k + 21636 = -5*k. Is f prime?
True
Suppose -g = -0*g - 7*g. Suppose 5*t + 4*r = -0*t + 2, -4*r = -3*t + 14. Suppose -t*b - 4 = 5*f - 285, -b - 3*f + 142 = g. Is b a composite number?
True
Let c be (-33)/22 - (-585)/2. Let b(i) = 5*i**2 + 3*i - 1. Let k be b(2). Suppose -c - k = -4*m. Is m composite?
False
Let q(x) = 6*x + 2963. Is q(0) composite?
False
Is (-60)/9*-30183*(-19)/(-76) prime?
False
Suppose a - 21 = -17. Let d(h) = -6*h**3 + 10*h**2 + 7*h. Let y(r) = r**3 - r**2 - r - 1. Let m(k) = d(k) + 5*y(k). Is m(a) a prime number?
True
Suppose 0 = -11*q + 9*q + 32. Let c = q - 12. Suppose -z + 4*u + 328 = -129, c*z = 3*u + 1789. Is z composite?
True
Let i(a) = -6 + 7*a + 3*a**2 + 3*a**2 - 14*a. Is i(-5) composite?
False
Let b(a) = -278*a - 11. Let r be b(5). Let u = 2034 + r. Is u composite?
True
Let b(q) = 3*q + 6. Let r be b(-5). Let s(i) = -4*i**3 - 8*i**2 - 6*i + 11. Is s(r) composite?
False
Suppose 4*t + 4*o - 60 = 16, 4*t - 36 = 4*o. Suppose -3*d + t = -7. Let q(a) = a**2 - 6*a + 7. Is q(d) composite?
True
Let a = 19930 - 13311. Is a a prime number?
True
Let k = 194 + 3583. Is k/2*6/9 a composite number?
False
Let q = 60352 - 22001. Is q prime?
True
Let a(x) be the first derivative of -6*x - 4 + 11/2*x**2. Is a(5) a composite number?
True
Let a(i) = -3506*i - 25. Is a(-9) a composite number?
True
Let p be (-2040)/16 - 1/(-2). Let i = 76 + p. Let z = i - -206. Is z composite?
True
Let d = 39 + -5. Let t = -19 + d. Suppose 3*z - 5*z = -h + 321, t = 3*z. Is h composite?
False
Let f = 40597 - -4030. Is f a composite number?
True
Suppose 90*d + 7636 - 453766 = 0. Is d prime?
True
Let q = -868 - -1667. Let l = -468 + q. Is l a composite number?
False
Let m(o) = -o**2 + 75*o + 347. Is m(41) a composite number?
False
Let c = -1692 + 3029. Is c a prime number?
False
Let a(i) = -2*i**3 + i + 3. Let l(x) = x**2 - x + 1. Let q(u) = -a(u) + 5*l(u). Is q(2) a prime number?
False
Let u(m) = 259*m**2 + 23*m - 3. Is u(-4) a composite number?
False
Suppose h = 5*h + 16. Is (h/(9 + -5))/((-2)/502) prime?
True
Let h(g) = -4*g**3 + g**2 + 2*g + 2. Let o(a) = a - 3. Let x be o(2). Let t be h(x). Suppose 0 = -t*n + 146 + 659. Is n a composite number?
True
Let i = -51 - -60. Suppose f - 98 = 4*g, i*f - 4*f - 4*g - 426 = 0. Is f prime?
False
Let i be (0 + 0)/(11/((-11)/(-2))). Suppose i = -2*t + 3*k + 767, 3*t + k - 2*k - 1140 = 0. Is t a prime number?
True
Let d be 284 + -1 + -2 + 2. Suppose -3*i = 15, i - 135 - d = -k. Suppose 5*g = k + 742. Is g composite